 prime factors of 2092509633.
3, 697503211
List the prime factors of 66867652.
2, 47, 355679
What are the prime factors of 87968297?
31, 83, 179, 191
What are the prime factors of 12505762?
2, 19, 17321
List the prime factors of 216185875.
5, 1729487
List the prime factors of 49420118.
2, 11, 29, 71, 1091
What are the prime factors of 25560227?
7, 11, 137, 2423
What are the prime factors of 293416720?
2, 5, 373, 9833
List the prime factors of 1746247247.
1746247247
What are the prime factors of 108179163?
3, 12019907
What are the prime factors of 49230736?
2, 3076921
List the prime factors of 29479107.
3, 7, 431, 3257
What are the prime factors of 7782501?
3, 2594167
List the prime factors of 300898836.
2, 3, 7, 41, 29123
List the prime factors of 67447772.
2, 7, 17, 141697
List the prime factors of 310832615.
5, 62166523
List the prime factors of 1575278984.
2, 196909873
List the prime factors of 297539248.
2, 643, 28921
List the prime factors of 332810720.
2, 5, 11, 263, 719
List the prime factors of 145444704.
2, 3, 1515049
What are the prime factors of 754724752?
2, 47170297
What are the prime factors of 53407246?
2, 1063, 25121
What are the prime factors of 2838492957?
3, 311, 3042329
List the prime factors of 215653470.
2, 3, 5, 7188449
What are the prime factors of 16197631?
29, 558539
What are the prime factors of 462916315?
5, 83, 521, 2141
What are the prime factors of 561267055?
5, 112253411
What are the prime factors of 4045885?
5, 809177
What are the prime factors of 1453331500?
2, 5, 2906663
What are the prime factors of 24977319?
3, 8325773
What are the prime factors of 337650806?
2, 83, 2034041
List the prime factors of 72803651.
211, 345041
List the prime factors of 293850030.
2, 3, 5, 131, 74771
What are the prime factors of 773950870?
2, 5, 7, 11, 1005131
List the prime factors of 683077591.
7, 31, 449689
What are the prime factors of 5938774?
2, 103, 127, 227
What are the prime factors of 2798767222?
2, 17, 19, 241, 17977
What are the prime factors of 21495036?
2, 3, 179, 10007
List the prime factors of 98204310.
2, 3, 5, 1091159
List the prime factors of 1743611055.
3, 5, 1013, 114749
What are the prime factors of 521013235?
5, 9479, 10993
List the prime factors of 148264604.
2, 167, 221953
List the prime factors of 213333434.
2, 251, 424967
List the prime factors of 440321618.
2, 11, 19, 1053401
List the prime factors of 472849213.
1447, 326779
What are the prime factors of 2389288371?
3, 433, 1839329
List the prime factors of 208654277.
13, 17, 944137
List the prime factors of 374075083.
374075083
What are the prime factors of 415036013?
7, 59290859
What are the prime factors of 123056692?
2, 11, 19, 147197
What are the prime factors of 661871446?
2, 41, 8071603
What are the prime factors of 69733931?
69733931
List the prime factors of 110833737.
3, 7, 29, 25999
List the prime factors of 24038595.
3, 5, 7, 17, 67
List the prime factors of 29149749.
3, 3238861
What are the prime factors of 8607293?
8607293
What are the prime factors of 115706198?
2, 31, 47, 59, 673
List the prime factors of 49040117.
7, 23, 304597
What are the prime factors of 1869019177?
1869019177
List the prime factors of 324089339.
7, 4129, 11213
What are the prime factors of 1854241597?
13, 19, 7507051
What are the prime factors of 275720364?
2, 3, 7658899
List the prime factors of 1735034847.
3, 7, 13, 151, 42089
List the prime factors of 946754045.
5, 189350809
What are the prime factors of 3002414276?
2, 19, 79, 500069
What are the prime factors of 254669425?
5, 491, 20747
What are the prime factors of 1440300906?
2, 3, 11, 281, 8629
What are the prime factors of 223895190?
2, 3, 5, 181, 41233
What are the prime factors of 129484308?
2, 3, 17, 634727
List the prime factors of 51607522.
2, 25803761
What are the prime factors of 90470742?
2, 3, 19, 397, 1999
List the prime factors of 63985980.
2, 3, 5, 1066433
What are the prime factors of 277715819?
277715819
List the prime factors of 2020140188.
2, 11, 101, 454577
List the prime factors of 3827400091.
3827400091
List the prime factors of 10898985.
3, 5, 726599
What are the prime factors of 1169183104?
2, 23, 31, 557
What are the prime factors of 31802304?
2, 3, 73, 2269
List the prime factors of 632382321.
3, 47, 4484981
List the prime factors of 71532144.
2, 3, 383, 1297
List the prime factors of 2445756397.
7, 349393771
List the prime factors of 267722228.
2, 66930557
What are the prime factors of 2442498154?
2, 17, 1613, 44537
List the prime factors of 6290390484.
2, 3, 7, 79, 45139
List the prime factors of 12149148.
2, 3, 11, 31, 2969
List the prime factors of 509591976.
2, 3, 73, 239, 1217
What are the prime factors of 680393527?
11, 5623087
What are the prime factors of 5507974649?
827, 1051, 6337
List the prime factors of 1483974052.
2, 11, 47, 717589
List the prime factors of 1706204360.
2, 5, 7, 127, 47981
What are the prime factors of 30830806?
2, 19, 811337
List the prime factors of 65405596.
2, 17, 961847
List the prime factors of 7648564939.
53719, 142381
List the prime factors of 76625342.
2, 2381, 16091
List the prime factors of 85379583.
3, 157, 181273
List the prime factors of 20242245.
3, 5, 347, 3889
List the prime factors of 42757724.
2, 10689431
List the prime factors of 312818691.
3, 113, 443, 2083
List the prime factors of 329713907.
1483, 222329
List the prime factors of 109211380.
2, 5, 997, 5477
What are the prime factors of 5556762480?
2, 3, 5, 541, 42797
What are the prime factors of 59641925?
5, 7, 340811
What are the prime factors of 376345249?
7, 53763607
List the prime factors of 434656765.
5, 17, 5113609
What are the prime factors of 2165155836?
2, 3, 17, 467, 22727
List the prime factors of 69475796.
2, 13, 251, 5323
What are the prime factors of 122921366?
2, 5039, 12197
List the prime factors of 783963809.
23, 521, 65423
What are the prime factors of 268843723?
83, 3239081
What are the prime factors of 387729418?
2, 193864709
What are the prime factors of 233966936?
2, 7, 607, 6883
What are the prime factors of 1977780546?
2, 3, 7, 1181, 13291
What are the prime factors of 1638467131?
7, 193, 1212781
What are the prime factors of 90374945?
5, 18074989
List the prime factors of 57902732.
2, 14475683
What are the prime factors of 483083038?
2, 1949, 123931
What are the prime factors of 87773335?
5, 13, 337, 4007
List the prime factors of 1213558534.
2, 29, 293, 71411
What are the prime factors of 6435625044?
2, 3, 37, 14494651
List the prime factors of 1953009788.
2, 488252447
What are the prime factors of 35391507?
3, 11797169
List the prime factors of 14278710.
2, 3, 5, 475957
List the prime factors of 97888061.
97888061
What are the prime factors of 29852893?
7, 107, 39857
List the prime factors of 138833319.
3, 46277773
What are the prime factors of 80087663?
17, 31, 151969
List the prime factors of 2169597111.
3, 11, 65745367
What are the prime factors of 2340250?
2, 5, 11, 23, 37
List the prime factors of 224217739.
224217739
List the prime factors of 531040540.
2, 5, 31, 43, 19919
List the prime factors of 2123879111.
307, 6918173
What are the prime factors of 62646149?
887, 70627
What are the prime factors of 111789678?
2, 3, 7, 11, 13, 2659
What are the prime factors of 49338992?
2, 127, 24281
What are the prime factors of 442069221?
3, 11, 113, 118549
List the prime factors of 1523707224.
2, 3, 13, 4883677
What are the prime factors of 241533709?
43, 61, 92083
What are the prime factors of 5943317348?
2, 1485829337
What are the prime factors of 2964081754?
2, 1482040877
What are the prime factors of 187296741?
3, 20810749
What are the prime factors of 89638066?
2, 7, 6402719
List the prime factors of 446940265.
5, 3313, 26981
List the prime factors of 1237348498.
2, 1663, 372023
List the prime factors of 333906861.
3, 111302287
What are the prime factors of 5045730744?
2, 3, 19, 263, 42073
List the prime factors of 1951005715.
5, 109, 3579827
List the prime factors of 1321779922.
2, 29, 31, 735139
What are the prime factors of 5090649015?
3, 5, 339376601
List the prime factors of 993535043.
59, 16839577
List the prime factors of 4986461.
41, 121621
What are the prime factors of 1767652845?
3, 5, 7, 47, 7621
List the prime factors of 1695728926.
2, 